f 13297952?
7
What is the thousands digit of 79910?
9
What is the tens digit of 820057?
5
What is the hundred thousands digit of 333773?
3
What is the hundred thousands digit of 2477172?
4
What is the ten thousands digit of 7357365?
5
What is the units digit of 198104?
4
What is the units digit of 131504?
4
What is the tens digit of 10870174?
7
What is the hundreds digit of 2183711?
7
What is the units digit of 131549?
9
What is the units digit of 7509939?
9
What is the thousands digit of 91950?
1
What is the ten thousands digit of 7409664?
0
What is the units digit of 343260?
0
What is the hundreds digit of 31469511?
5
What is the hundred thousands digit of 152304?
1
What is the hundreds digit of 5099404?
4
What is the ten thousands digit of 1928147?
2
What is the tens digit of 5262053?
5
What is the thousands digit of 11298322?
8
What is the tens digit of 148476?
7
What is the tens digit of 948839?
3
What is the hundred thousands digit of 242909?
2
What is the tens digit of 16509892?
9
What is the ten thousands digit of 296844?
9
What is the tens digit of 62822?
2
What is the tens digit of 7941013?
1
What is the units digit of 656840?
0
What is the millions digit of 2113581?
2
What is the thousands digit of 316855?
6
What is the hundreds digit of 223785?
7
What is the hundred thousands digit of 100565?
1
What is the thousands digit of 266600?
6
What is the thousands digit of 1304252?
4
What is the units digit of 10596?
6
What is the hundreds digit of 733164?
1
What is the millions digit of 3963877?
3
What is the tens digit of 2404598?
9
What is the ten thousands digit of 1747868?
4
What is the tens digit of 3521284?
8
What is the ten thousands digit of 454589?
5
What is the ten thousands digit of 215987?
1
What is the hundred thousands digit of 101162?
1
What is the hundreds digit of 3803075?
0
What is the tens digit of 294573?
7
What is the hundreds digit of 17544337?
3
What is the ten thousands digit of 744805?
4
What is the tens digit of 1282690?
9
What is the tens digit of 219042?
4
What is the tens digit of 187821?
2
What is the units digit of 193257?
7
What is the hundred thousands digit of 9324121?
3
What is the tens digit of 1845918?
1
What is the units digit of 758335?
5
What is the hundred thousands digit of 2915060?
9
What is the ten thousands digit of 1784462?
8
What is the ten thousands digit of 6061156?
6
What is the units digit of 3271854?
4
What is the ten thousands digit of 1047263?
4
What is the hundreds digit of 432980?
9
What is the ten thousands digit of 780825?
8
What is the tens digit of 216619?
1
What is the thousands digit of 416627?
6
What is the units digit of 183164?
4
What is the millions digit of 1900960?
1
What is the tens digit of 15997920?
2
What is the hundred thousands digit of 427610?
4
What is the tens digit of 1377225?
2
What is the millions digit of 7842147?
7
What is the hundreds digit of 204493?
4
What is the units digit of 2447516?
6
What is the ten thousands digit of 526168?
2
What is the tens digit of 376540?
4
What is the hundreds digit of 344175?
1
What is the ten millions digit of 15477566?
1
What is the thousands digit of 920810?
0
What is the ten thousands digit of 88306?
8
What is the units digit of 472278?
8
What is the hundred thousands digit of 19568240?
5
What is the thousands digit of 32183101?
3
What is the ten thousands digit of 595190?
9
What is the tens digit of 11291310?
1
What is the hundreds digit of 1820844?
8
What is the millions digit of 7075206?
7
What is the ten millions digit of 10283882?
1
What is the ten millions digit of 23108000?
2
What is the ten thousands digit of 3092840?
9
What is the units digit of 11213150?
0
What is the ten thousands digit of 20794377?
9
What is the tens digit of 2493456?
5
What is the tens digit of 144224?
2
What is the ten thousands digit of 2876631?
7
What is the tens digit of 260406?
0
What is the hundreds digit of 1028653?
6
What is the tens digit of 3911195?
9
What is the millions digit of 8164930?
8
What is the hundred thousands digit of 407692?
4
What is the hundreds digit of 312825?
8
What is the millions digit of 2951490?
2
What is the thousands digit of 8253705?
3
What is the tens digit of 374781?
8
What is the hundred thousands digit of 3328924?
3
What is the units digit of 1831153?
3
What is the hundreds digit of 650093?
0
What is the thousands digit of 18486827?
6
What is the thousands digit of 1056134?
6
What is the hundreds digit of 636566?
5
What is the tens digit of 10365021?
2
What is the units digit of 1609?
9
What is the ten thousands digit of 115787?
1
What is the millions digit of 6374709?
6
What is the tens digit of 1370755?
5
What is the hundred thousands digit of 13126695?
1
What is the hundreds digit of 409397?
3
What is the millions digit of 1032771?
1
What is the hundred thousands digit of 10093031?
0
What is the ten thousands digit of 733430?
3
What is the ten thousands digit of 13097?
1
What is the tens digit of 1988628?
2
What is the tens digit of 1236815?
1
What is the hundreds digit of 1425505?
5
What is the units digit of 2804021?
1
What is the units digit of 301366?
6
What is the hundreds digit of 475382?
3
What is the thousands digit of 1012881?
2
What is the hundreds digit of 8133822?
8
What is the ten thousands digit of 7466428?
6
What is the ten thousands digit of 10288466?
8
What is the hundreds digit of 2091417?
4
What is the hundreds digit of 392643?
6
What is the tens digit of 205147?
4
What is the ten thousands digit of 437816?
3
What is the millions digit of 3091586?
3
What is the hundreds digit of 8333151?
1
What is the tens digit of 116219?
1
What is the ten thousands digit of 75512?
7
What is the tens digit of 5444308?
0
What is the ten millions digit of 13743794?
1
What is the units digit of 224136?
6
What is the tens digit of 568425?
2
What is the thousands digit of 902759?
2
What is the millions digit of 9366722?
9
What is the hundred thousands digit of 12071779?
0
What is the thousands digit of 1308182?
8
What is the hundred thousands digit of 118544?
1
What is the thousands digit of 3213124?
3
What is the hundreds digit of 339149?
1
What is the thousands digit of 543555?
3
What is the millions digit of 5587444?
5
What is the thousands digit of 622610?
2
What is the thousands digit of 203388?
3
What is the ten thousands digit of 278351?
7
What is the hundreds digit of 2909552?
5
What is the units digit of 3088609?
9
What is the thousands digit of 182536?
2
What is the thousands digit of 941140?
1
What is the units digit of 453573?
3
What is the thousands digit of 2617187?
7
What is the ten thousands digit of 1031195?
3
What is the hundreds digit of 86566?
5
What is the hundred thousands digit of 700106?
7
What is the hundreds digit of 7715850?
8
What is the millions digit of 2272281?
2
What is the units digit of 1220782?
2
What is the tens digit of 555275?
7
What is the hundreds digit of 2347670?
6
What is the thousands digit of 914870?
4
What is the tens digit of 288838?
3
What is the ten thousands digit of 1286265?
8
What is the ten thousands digit of 1889099?
8
What is the thousands digit of 36338?
6
What is the ten thousands digit of 830701?
3
What is the thousands digit of 2012030?
2
What is the hundred thousands digit of 4873255?
8
What is the tens digit of 179069?
6
What is the hundreds digit of 232826?
8
What is the tens digit of 2394840?
4
What is the ten thousands digit of 956534?
5
What is the tens digit of 739593?
9
What is the hundreds digit of 443542?
5
What is the hundred thousands digit of 758527?
7
What is the units digit of 9346?
6
What is the thousands digit of 10212115?
2
What is the ten thousands digit of 1110398?
1
What is the thousands digit of 1205844?
5
What is the ten thousands digit of 44075?
4
What is the tens digit of 4454340?
4
What is the tens digit of 19772981?
8
What is the tens digit of 9316865?
6
What is the hundred thousands digit of 1849318?
8
What is the hundred thousands digit of 2821746?
8
What is the tens digit of 941741?
4
What is the ten millions digit of 18594825?
1
What is the thousands digit of 47780?
7
What is the hundreds digit of 16869142?
1
What is the units digit of 2107294?
4
What is the hundred thousands digit of 15993893?
9
What is the t